{"id":8,"date":"2023-11-08T17:28:46","date_gmt":"2023-11-08T17:28:46","guid":{"rendered":"http:\/\/kithera1.hospedagemdesites.ws\/?page_id=8"},"modified":"2025-11-18T07:19:05","modified_gmt":"2025-11-18T07:19:05","slug":"home","status":"publish","type":"page","link":"https:\/\/kithera.com.br\/corporate\/","title":{"rendered":"Home"},"content":{"rendered":"\t\t<div data-elementor-type=\"wp-page\" data-elementor-id=\"8\" class=\"elementor elementor-8\" data-elementor-post-type=\"page\">\n\t\t\t\t<div class=\"elementor-element elementor-element-9abde19 e-con-full e-flex e-con e-parent\" data-id=\"9abde19\" data-element_type=\"container\">\n\t\t\t\t<div class=\"elementor-element elementor-element-df97192 elementor-widget__width-inherit elementor--h-position-center elementor--v-position-middle elementor-arrows-position-inside elementor-pagination-position-inside elementor-widget elementor-widget-slides\" data-id=\"df97192\" data-element_type=\"widget\" data-settings=\"{&quot;autoplay_speed&quot;:2000,&quot;navigation&quot;:&quot;both&quot;,&quot;autoplay&quot;:&quot;yes&quot;,&quot;pause_on_hover&quot;:&quot;yes&quot;,&quot;pause_on_interaction&quot;:&quot;yes&quot;,&quot;infinite&quot;:&quot;yes&quot;,&quot;transition&quot;:&quot;slide&quot;,&quot;transition_speed&quot;:500}\" data-widget_type=\"slides.default\">\n\t\t\t\t<div class=\"elementor-widget-container\">\n\t\t\t\t\t\t\t\t\t<div class=\"elementor-swiper\">\n\t\t\t\t\t<div class=\"elementor-slides-wrapper elementor-main-swiper swiper\" role=\"region\" aria-roledescription=\"carousel\" aria-label=\"Slides\" dir=\"ltr\" data-animation=\"fadeInUp\">\n\t\t\t\t<div class=\"swiper-wrapper elementor-slides\">\n\t\t\t\t\t\t\t\t\t\t<div class=\"elementor-repeater-item-c385619 swiper-slide\" role=\"group\" aria-roledescription=\"slide\"><div class=\"swiper-slide-bg\" role=\"img\" aria-label=\"MG_9249\"><\/div><div class=\"elementor-background-overlay\"><\/div><a class=\"swiper-slide-inner\" href=\"https:\/\/kithera.com.br\/corporate\/linhas\/\"><div class=\"swiper-slide-contents\"><div class=\"elementor-slide-heading\">Trazemos as melhores solu\u00e7\u00f5es financeiras para sua empresa de forma personalizada e eficiente<\/div><div  class=\"elementor-button elementor-slide-button elementor-size-sm\">Quero conhecer os produtos<\/div><\/div><\/a><\/div><div class=\"elementor-repeater-item-63098ce swiper-slide\" role=\"group\" aria-roledescription=\"slide\"><div class=\"swiper-slide-bg\" role=\"img\" aria-label=\"MG_9204\"><\/div><div class=\"elementor-background-overlay\"><\/div><a class=\"swiper-slide-inner\" href=\"https:\/\/kithera.com.br\/corporate\/linhas\/\"><div class=\"swiper-slide-contents\"><div class=\"elementor-slide-heading\">Trazemos as melhores solu\u00e7\u00f5es financeiras para sua empresa de forma personalizada e eficiente<\/div><div  class=\"elementor-button elementor-slide-button elementor-size-sm\">Quero conhecer os produtos<\/div><\/div><\/a><\/div>\t\t\t\t<\/div>\n\t\t\t\t\t\t\t\t\t\t\t\t\t\t\t<div class=\"elementor-swiper-button elementor-swiper-button-prev\" role=\"button\" tabindex=\"0\" aria-label=\"Slide anterior\">\n\t\t\t\t\t\t\t<svg aria-hidden=\"true\" class=\"e-font-icon-svg e-eicon-chevron-left\" viewBox=\"0 0 1000 1000\" xmlns=\"http:\/\/www.w3.org\/2000\/svg\"><path d=\"M646 125C629 125 613 133 604 142L308 442C296 454 292 471 292 487 292 504 296 521 308 533L604 854C617 867 629 875 646 875 663 875 679 871 692 858 704 846 713 829 713 812 713 796 708 779 692 767L438 487 692 225C700 217 708 204 708 187 708 171 704 154 692 142 675 129 663 125 646 125Z\"><\/path><\/svg>\t\t\t\t\t\t<\/div>\n\t\t\t\t\t\t<div class=\"elementor-swiper-button elementor-swiper-button-next\" role=\"button\" tabindex=\"0\" aria-label=\"Pr\u00f3ximo slide\">\n\t\t\t\t\t\t\t<svg aria-hidden=\"true\" class=\"e-font-icon-svg e-eicon-chevron-right\" viewBox=\"0 0 1000 1000\" xmlns=\"http:\/\/www.w3.org\/2000\/svg\"><path d=\"M696 533C708 521 713 504 713 487 713 471 708 454 696 446L400 146C388 133 375 125 354 125 338 125 325 129 313 142 300 154 292 171 292 187 292 204 296 221 308 233L563 492 304 771C292 783 288 800 288 817 288 833 296 850 308 863 321 871 338 875 354 875 371 875 388 867 400 854L696 533Z\"><\/path><\/svg>\t\t\t\t\t\t<\/div>\n\t\t\t\t\t\t\t\t\t\t\t\t\t\t\t\t<div class=\"swiper-pagination\"><\/div>\n\t\t\t\t\t\t\t\t\t\t\t\t<\/div>\n\t\t\t\t<\/div>\n\t\t\t\t\t\t\t\t<\/div>\n\t\t\t\t<\/div>\n\t\t\t\t<\/div>\n\t\t<div class=\"elementor-element elementor-element-31c148f e-flex e-con-boxed e-con e-parent\" data-id=\"31c148f\" data-element_type=\"container\">\n\t\t\t\t\t<div class=\"e-con-inner\">\n\t\t\t\t<div class=\"elementor-element elementor-element-1842e7d elementor-widget elementor-widget-spacer\" data-id=\"1842e7d\" data-element_type=\"widget\" data-widget_type=\"spacer.default\">\n\t\t\t\t<div class=\"elementor-widget-container\">\n\t\t\t\t\t\t\t<div class=\"elementor-spacer\">\n\t\t\t<div class=\"elementor-spacer-inner\"><\/div>\n\t\t<\/div>\n\t\t\t\t\t\t<\/div>\n\t\t\t\t<\/div>\n\t\t\t\t<div class=\"elementor-element elementor-element-8b17c94 elementor-widget elementor-widget-heading\" data-id=\"8b17c94\" data-element_type=\"widget\" data-widget_type=\"heading.default\">\n\t\t\t\t<div class=\"elementor-widget-container\">\n\t\t\t\t\t<h2 class=\"elementor-heading-title elementor-size-default\">Destaques<\/h2>\t\t\t\t<\/div>\n\t\t\t\t<\/div>\n\t\t\t\t\t<\/div>\n\t\t\t\t<\/div>\n\t\t<div class=\"elementor-element elementor-element-b7eda78 e-flex e-con-boxed e-con e-parent\" data-id=\"b7eda78\" data-element_type=\"container\">\n\t\t\t\t\t<div class=\"e-con-inner\">\n\t\t<div class=\"elementor-element elementor-element-36c081b e-con-full e-flex e-con e-child\" data-id=\"36c081b\" data-element_type=\"container\">\n\t\t\t\t<div class=\"elementor-element elementor-element-36592f9 elementor-position-left elementor-vertical-align-middle elementor-widget elementor-widget-image-box\" data-id=\"36592f9\" data-element_type=\"widget\" data-widget_type=\"image-box.default\">\n\t\t\t\t<div class=\"elementor-widget-container\">\n\t\t\t\t\t<div class=\"elementor-image-box-wrapper\"><figure class=\"elementor-image-box-img\"><img fetchpriority=\"high\" decoding=\"async\" width=\"512\" height=\"512\" src=\"https:\/\/kithera.com.br\/corporate\/wp-content\/uploads\/2023\/11\/bars.png\" class=\"attachment-full size-full wp-image-152\" alt=\"\" srcset=\"https:\/\/kithera.com.br\/corporate\/wp-content\/uploads\/2023\/11\/bars.png 512w, https:\/\/kithera.com.br\/corporate\/wp-content\/uploads\/2023\/11\/bars-300x300.png 300w, https:\/\/kithera.com.br\/corporate\/wp-content\/uploads\/2023\/11\/bars-150x150.png 150w\" sizes=\"(max-width: 512px) 100vw, 512px\" \/><\/figure><div class=\"elementor-image-box-content\"><p class=\"elementor-image-box-description\">Cada s\u00f3cio com mais de 25 anos de exper\u00eancia no mercado em institui\u00e7\u00f5es de primeira linha.<\/p><\/div><\/div>\t\t\t\t<\/div>\n\t\t\t\t<\/div>\n\t\t\t\t<\/div>\n\t\t<div class=\"elementor-element elementor-element-a643964 e-con-full e-flex e-con e-child\" data-id=\"a643964\" data-element_type=\"container\">\n\t\t\t\t<div class=\"elementor-element elementor-element-43866e9 elementor-position-left elementor-vertical-align-middle elementor-widget elementor-widget-image-box\" data-id=\"43866e9\" data-element_type=\"widget\" data-widget_type=\"image-box.default\">\n\t\t\t\t<div class=\"elementor-widget-container\">\n\t\t\t\t\t<div class=\"elementor-image-box-wrapper\"><figure class=\"elementor-image-box-img\"><img decoding=\"async\" width=\"512\" height=\"512\" src=\"https:\/\/kithera.com.br\/corporate\/wp-content\/uploads\/2024\/01\/handshake.png\" class=\"attachment-full size-full wp-image-564\" alt=\"\" srcset=\"https:\/\/kithera.com.br\/corporate\/wp-content\/uploads\/2024\/01\/handshake.png 512w, https:\/\/kithera.com.br\/corporate\/wp-content\/uploads\/2024\/01\/handshake-300x300.png 300w, https:\/\/kithera.com.br\/corporate\/wp-content\/uploads\/2024\/01\/handshake-150x150.png 150w\" sizes=\"(max-width: 512px) 100vw, 512px\" \/><\/figure><div class=\"elementor-image-box-content\"><p class=\"elementor-image-box-description\">Relacionamento com empresas de diversos setores da economia nas principais regi\u00f5es do pa\u00eds.<\/p><\/div><\/div>\t\t\t\t<\/div>\n\t\t\t\t<\/div>\n\t\t\t\t<\/div>\n\t\t<div class=\"elementor-element elementor-element-7a4239c e-con-full e-flex e-con e-child\" data-id=\"7a4239c\" data-element_type=\"container\">\n\t\t\t\t<div class=\"elementor-element elementor-element-af84c94 elementor-position-left elementor-vertical-align-middle elementor-widget elementor-widget-image-box\" data-id=\"af84c94\" data-element_type=\"widget\" data-widget_type=\"image-box.default\">\n\t\t\t\t<div class=\"elementor-widget-container\">\n\t\t\t\t\t<div class=\"elementor-image-box-wrapper\"><figure class=\"elementor-image-box-img\"><img decoding=\"async\" width=\"512\" height=\"512\" src=\"https:\/\/kithera.com.br\/corporate\/wp-content\/uploads\/2023\/11\/dashboard.png\" class=\"attachment-full size-full wp-image-167\" alt=\"\" srcset=\"https:\/\/kithera.com.br\/corporate\/wp-content\/uploads\/2023\/11\/dashboard.png 512w, https:\/\/kithera.com.br\/corporate\/wp-content\/uploads\/2023\/11\/dashboard-300x300.png 300w, https:\/\/kithera.com.br\/corporate\/wp-content\/uploads\/2023\/11\/dashboard-150x150.png 150w\" sizes=\"(max-width: 512px) 100vw, 512px\" \/><\/figure><div class=\"elementor-image-box-content\"><p class=\"elementor-image-box-description\">Importantes parcerias com os principais gestores de recursos, family offices, escrit\u00f3rio de advocacia e prestadores de servi\u00e7o para suporte ao neg\u00f3cio.<\/p><\/div><\/div>\t\t\t\t<\/div>\n\t\t\t\t<\/div>\n\t\t\t\t<\/div>\n\t\t\t\t\t<\/div>\n\t\t\t\t<\/div>\n\t\t<div class=\"elementor-element elementor-element-0219705 e-flex e-con-boxed e-con e-parent\" data-id=\"0219705\" data-element_type=\"container\">\n\t\t\t\t\t<div class=\"e-con-inner\">\n\t\t<div class=\"elementor-element elementor-element-2320025 e-con-full e-flex e-con e-child\" data-id=\"2320025\" data-element_type=\"container\">\n\t\t\t\t<div class=\"elementor-element elementor-element-729ed2f elementor-position-left elementor-vertical-align-middle elementor-widget elementor-widget-image-box\" data-id=\"729ed2f\" data-element_type=\"widget\" data-widget_type=\"image-box.default\">\n\t\t\t\t<div class=\"elementor-widget-container\">\n\t\t\t\t\t<div class=\"elementor-image-box-wrapper\"><figure class=\"elementor-image-box-img\"><img loading=\"lazy\" decoding=\"async\" width=\"512\" height=\"512\" src=\"https:\/\/kithera.com.br\/corporate\/wp-content\/uploads\/2023\/11\/money.png\" class=\"attachment-full size-full wp-image-165\" alt=\"\" srcset=\"https:\/\/kithera.com.br\/corporate\/wp-content\/uploads\/2023\/11\/money.png 512w, https:\/\/kithera.com.br\/corporate\/wp-content\/uploads\/2023\/11\/money-300x300.png 300w, https:\/\/kithera.com.br\/corporate\/wp-content\/uploads\/2023\/11\/money-150x150.png 150w\" sizes=\"(max-width: 512px) 100vw, 512px\" \/><\/figure><div class=\"elementor-image-box-content\"><p class=\"elementor-image-box-description\">Originina\u00e7\u00e3o, an\u00e1lise e execu\u00e7\u00e3o de opera\u00e7\u00f5es de cr\u00e9dito estruturadas.<\/p><\/div><\/div>\t\t\t\t<\/div>\n\t\t\t\t<\/div>\n\t\t\t\t<\/div>\n\t\t<div class=\"elementor-element elementor-element-21c3fa0 e-con-full e-flex e-con e-child\" data-id=\"21c3fa0\" data-element_type=\"container\">\n\t\t\t\t<div class=\"elementor-element elementor-element-b56574f elementor-position-left elementor-vertical-align-middle elementor-widget elementor-widget-image-box\" data-id=\"b56574f\" data-element_type=\"widget\" data-widget_type=\"image-box.default\">\n\t\t\t\t<div class=\"elementor-widget-container\">\n\t\t\t\t\t<div class=\"elementor-image-box-wrapper\"><figure class=\"elementor-image-box-img\"><img loading=\"lazy\" decoding=\"async\" width=\"512\" height=\"512\" src=\"https:\/\/kithera.com.br\/corporate\/wp-content\/uploads\/2023\/11\/report.png\" class=\"attachment-full size-full wp-image-161\" alt=\"\" srcset=\"https:\/\/kithera.com.br\/corporate\/wp-content\/uploads\/2023\/11\/report.png 512w, https:\/\/kithera.com.br\/corporate\/wp-content\/uploads\/2023\/11\/report-300x300.png 300w, https:\/\/kithera.com.br\/corporate\/wp-content\/uploads\/2023\/11\/report-150x150.png 150w\" sizes=\"(max-width: 512px) 100vw, 512px\" \/><\/figure><div class=\"elementor-image-box-content\"><p class=\"elementor-image-box-description\">Capacidade de encontrar solu\u00e7\u00f5es que atendam \u00e0s necessidades da empresa e aos objetivos dos investidores.<\/p><\/div><\/div>\t\t\t\t<\/div>\n\t\t\t\t<\/div>\n\t\t\t\t<\/div>\n\t\t<div class=\"elementor-element elementor-element-0f1dde7 e-con-full e-flex e-con e-child\" data-id=\"0f1dde7\" data-element_type=\"container\">\n\t\t\t\t<\/div>\n\t\t\t\t\t<\/div>\n\t\t\t\t<\/div>\n\t\t<div class=\"elementor-element elementor-element-3dd95e6 e-flex e-con-boxed e-con e-parent\" data-id=\"3dd95e6\" data-element_type=\"container\">\n\t\t\t\t\t<div class=\"e-con-inner\">\n\t\t\t\t<div class=\"elementor-element elementor-element-e1484d5 elementor-widget elementor-widget-spacer\" data-id=\"e1484d5\" data-element_type=\"widget\" data-widget_type=\"spacer.default\">\n\t\t\t\t<div class=\"elementor-widget-container\">\n\t\t\t\t\t\t\t<div class=\"elementor-spacer\">\n\t\t\t<div class=\"elementor-spacer-inner\"><\/div>\n\t\t<\/div>\n\t\t\t\t\t\t<\/div>\n\t\t\t\t<\/div>\n\t\t\t\t\t<\/div>\n\t\t\t\t<\/div>\n\t\t<div class=\"elementor-element elementor-element-9bead53 e-flex e-con-boxed e-con e-parent\" data-id=\"9bead53\" data-element_type=\"container\">\n\t\t\t\t\t<div class=\"e-con-inner\">\n\t\t\t\t<div class=\"elementor-element elementor-element-a09752f elementor-widget elementor-widget-spacer\" data-id=\"a09752f\" data-element_type=\"widget\" data-widget_type=\"spacer.default\">\n\t\t\t\t<div class=\"elementor-widget-container\">\n\t\t\t\t\t\t\t<div class=\"elementor-spacer\">\n\t\t\t<div class=\"elementor-spacer-inner\"><\/div>\n\t\t<\/div>\n\t\t\t\t\t\t<\/div>\n\t\t\t\t<\/div>\n\t\t\t\t\t<\/div>\n\t\t\t\t<\/div>\n\t\t<div class=\"elementor-element elementor-element-67d1a88 e-flex e-con-boxed e-con e-parent\" data-id=\"67d1a88\" data-element_type=\"container\" data-settings=\"{&quot;background_background&quot;:&quot;classic&quot;}\">\n\t\t\t\t\t<div class=\"e-con-inner\">\n\t\t<div class=\"elementor-element elementor-element-72a3e2d e-con-full e-flex e-con e-child\" data-id=\"72a3e2d\" data-element_type=\"container\">\n\t\t\t\t<div class=\"elementor-element elementor-element-4887363 elementor-widget elementor-widget-heading\" data-id=\"4887363\" data-element_type=\"widget\" data-widget_type=\"heading.default\">\n\t\t\t\t<div class=\"elementor-widget-container\">\n\t\t\t\t\t<h2 class=\"elementor-heading-title elementor-size-default\">Receba uma mensagem nossa!<\/h2>\t\t\t\t<\/div>\n\t\t\t\t<\/div>\n\t\t\t\t<div class=\"elementor-element elementor-element-4003c9a elementor-widget elementor-widget-text-editor\" data-id=\"4003c9a\" data-element_type=\"widget\" data-widget_type=\"text-editor.default\">\n\t\t\t\t<div class=\"elementor-widget-container\">\n\t\t\t\t\t\t\t\t\t<p>Informe seu telefone ou e-mail e entraremos em contato.<\/p>\t\t\t\t\t\t\t\t<\/div>\n\t\t\t\t<\/div>\n\t\t\t\t<\/div>\n\t\t<div class=\"elementor-element elementor-element-9a77251 e-con-full e-flex e-con e-child\" data-id=\"9a77251\" data-element_type=\"container\">\n\t\t\t\t<div class=\"elementor-element elementor-element-6fef501 elementor-button-align-stretch elementor-widget elementor-widget-form\" data-id=\"6fef501\" data-element_type=\"widget\" data-settings=\"{&quot;step_next_label&quot;:&quot;Next&quot;,&quot;step_previous_label&quot;:&quot;Previous&quot;,&quot;button_width&quot;:&quot;100&quot;,&quot;step_type&quot;:&quot;number_text&quot;,&quot;step_icon_shape&quot;:&quot;circle&quot;}\" data-widget_type=\"form.default\">\n\t\t\t\t<div class=\"elementor-widget-container\">\n\t\t\t\t\t\t\t<form class=\"elementor-form\" method=\"post\" name=\"New Form\" aria-label=\"New Form\">\n\t\t\t<input type=\"hidden\" name=\"post_id\" value=\"8\"\/>\n\t\t\t<input type=\"hidden\" name=\"form_id\" value=\"6fef501\"\/>\n\t\t\t<input type=\"hidden\" name=\"referer_title\" value=\"\" \/>\n\n\t\t\t\t\t\t\t<input type=\"hidden\" name=\"queried_id\" value=\"8\"\/>\n\t\t\t\n\t\t\t<div class=\"elementor-form-fields-wrapper elementor-labels-above\">\n\t\t\t\t\t\t\t\t<div class=\"elementor-field-type-text elementor-field-group elementor-column elementor-field-group-name elementor-col-50 elementor-field-required\">\n\t\t\t\t\t\t\t\t\t\t\t\t<label for=\"form-field-name\" class=\"elementor-field-label\">\n\t\t\t\t\t\t\t\tNome\t\t\t\t\t\t\t<\/label>\n\t\t\t\t\t\t\t\t\t\t\t\t\t\t<input size=\"1\" type=\"text\" name=\"form_fields[name]\" id=\"form-field-name\" class=\"elementor-field elementor-size-sm  elementor-field-textual\" required=\"required\">\n\t\t\t\t\t\t\t\t\t\t\t<\/div>\n\t\t\t\t\t\t\t\t<div class=\"elementor-field-type-text elementor-field-group elementor-column elementor-field-group-field_f8dac44 elementor-col-50 elementor-field-required\">\n\t\t\t\t\t\t\t\t\t\t\t\t<label for=\"form-field-field_f8dac44\" class=\"elementor-field-label\">\n\t\t\t\t\t\t\t\tTelefone\t\t\t\t\t\t\t<\/label>\n\t\t\t\t\t\t\t\t\t\t\t\t\t\t<input size=\"1\" type=\"text\" name=\"form_fields[field_f8dac44]\" id=\"form-field-field_f8dac44\" class=\"elementor-field elementor-size-sm  elementor-field-textual\" required=\"required\">\n\t\t\t\t\t\t\t\t\t\t\t<\/div>\n\t\t\t\t\t\t\t\t<div class=\"elementor-field-type-email elementor-field-group elementor-column elementor-field-group-field_ac6217e elementor-col-50 elementor-field-required\">\n\t\t\t\t\t\t\t\t\t\t\t\t<label for=\"form-field-field_ac6217e\" class=\"elementor-field-label\">\n\t\t\t\t\t\t\t\tEmail\t\t\t\t\t\t\t<\/label>\n\t\t\t\t\t\t\t\t\t\t\t\t\t\t<input size=\"1\" type=\"email\" name=\"form_fields[field_ac6217e]\" id=\"form-field-field_ac6217e\" class=\"elementor-field elementor-size-sm  elementor-field-textual\" required=\"required\">\n\t\t\t\t\t\t\t\t\t\t\t<\/div>\n\t\t\t\t\t\t\t\t<div class=\"elementor-field-type-textarea elementor-field-group elementor-column elementor-field-group-message elementor-col-100\">\n\t\t\t\t\t\t\t\t\t\t\t\t<label for=\"form-field-message\" class=\"elementor-field-label\">\n\t\t\t\t\t\t\t\tMensagem\t\t\t\t\t\t\t<\/label>\n\t\t\t\t\t\t<textarea class=\"elementor-field-textual elementor-field  elementor-size-sm\" name=\"form_fields[message]\" id=\"form-field-message\" rows=\"4\"><\/textarea>\t\t\t\t<\/div>\n\t\t\t\t\t\t\t\t<div class=\"elementor-field-group elementor-column elementor-field-type-submit elementor-col-100 e-form__buttons\">\n\t\t\t\t\t<button class=\"elementor-button elementor-size-sm\" type=\"submit\">\n\t\t\t\t\t\t<span class=\"elementor-button-content-wrapper\">\n\t\t\t\t\t\t\t\t\t\t\t\t\t\t\t\t\t\t\t\t\t\t<span class=\"elementor-button-text\">Enviar<\/span>\n\t\t\t\t\t\t\t\t\t\t\t\t\t<\/span>\n\t\t\t\t\t<\/button>\n\t\t\t\t<\/div>\n\t\t\t<\/div>\n\t\t<\/form>\n\t\t\t\t\t\t<\/div>\n\t\t\t\t<\/div>\n\t\t\t\t<\/div>\n\t\t\t\t\t<\/div>\n\t\t\t\t<\/div>\n\t\t\t\t<\/div>\n\t\t","protected":false},"excerpt":{"rendered":"<p>Trazemos as melhores solu\u00e7\u00f5es financeiras para sua empresa de forma personalizada e eficienteQuero conhecer os produtosTrazemos as melhores solu\u00e7\u00f5es financeiras para sua empresa de forma personalizada e eficienteQuero conhecer os produtos Destaques Cada s\u00f3cio com mais de 25 anos de exper\u00eancia no mercado em institui\u00e7\u00f5es de primeira linha. Relacionamento com empresas de diversos setores da [&hellip;]<\/p>\n","protected":false},"author":1,"featured_media":0,"parent":0,"menu_order":0,"comment_status":"closed","ping_status":"closed","template":"","meta":{"footnotes":""},"class_list":["post-8","page","type-page","status-publish","hentry"],"_links":{"self":[{"href":"https:\/\/kithera.com.br\/corporate\/wp-json\/wp\/v2\/pages\/8","targetHints":{"allow":["GET"]}}],"collection":[{"href":"https:\/\/kithera.com.br\/corporate\/wp-json\/wp\/v2\/pages"}],"about":[{"href":"https:\/\/kithera.com.br\/corporate\/wp-json\/wp\/v2\/types\/page"}],"author":[{"embeddable":true,"href":"https:\/\/kithera.com.br\/corporate\/wp-json\/wp\/v2\/users\/1"}],"replies":[{"embeddable":true,"href":"https:\/\/kithera.com.br\/corporate\/wp-json\/wp\/v2\/comments?post=8"}],"version-history":[{"count":193,"href":"https:\/\/kithera.com.br\/corporate\/wp-json\/wp\/v2\/pages\/8\/revisions"}],"predecessor-version":[{"id":1123,"href":"https:\/\/kithera.com.br\/corporate\/wp-json\/wp\/v2\/pages\/8\/revisions\/1123"}],"wp:attachment":[{"href":"https:\/\/kithera.com.br\/corporate\/wp-json\/wp\/v2\/media?parent=8"}],"curies":[{"name":"wp","href":"https:\/\/api.w.org\/{rel}","templated":true}]}}