{"id":230,"date":"2023-11-08T21:06:02","date_gmt":"2023-11-08T21:06:02","guid":{"rendered":"http:\/\/kithera1.hospedagemdesites.ws\/?page_id=230"},"modified":"2024-02-07T00:52:44","modified_gmt":"2024-02-07T00:52:44","slug":"equipe","status":"publish","type":"page","link":"https:\/\/kithera.com.br\/corporate\/equipe\/","title":{"rendered":"Equipe"},"content":{"rendered":"\t\t<div data-elementor-type=\"wp-page\" data-elementor-id=\"230\" class=\"elementor elementor-230\" data-elementor-post-type=\"page\">\n\t\t\t\t<div class=\"elementor-element elementor-element-4d25c12a e-con-full e-flex e-con e-parent\" data-id=\"4d25c12a\" data-element_type=\"container\" data-settings=\"{&quot;background_background&quot;:&quot;classic&quot;}\">\n\t\t<div class=\"elementor-element elementor-element-46ae1223 e-con-full e-flex e-con e-child\" data-id=\"46ae1223\" data-element_type=\"container\">\n\t\t\t\t<div class=\"elementor-element elementor-element-c03ac6b elementor-widget elementor-widget-heading\" data-id=\"c03ac6b\" data-element_type=\"widget\" data-widget_type=\"heading.default\">\n\t\t\t\t<div class=\"elementor-widget-container\">\n\t\t\t\t\t<h2 class=\"elementor-heading-title elementor-size-default\">Equipe<\/h2>\t\t\t\t<\/div>\n\t\t\t\t<\/div>\n\t\t\t\t<\/div>\n\t\t<div class=\"elementor-element elementor-element-6dc9ab3 e-con-full e-flex e-con e-child\" data-id=\"6dc9ab3\" data-element_type=\"container\">\n\t\t\t\t<\/div>\n\t\t\t\t<\/div>\n\t\t<div class=\"elementor-element elementor-element-3c77e5ff e-flex e-con-boxed e-con e-parent\" data-id=\"3c77e5ff\" data-element_type=\"container\">\n\t\t\t\t\t<div class=\"e-con-inner\">\n\t\t\t\t<div class=\"elementor-element elementor-element-6fe00133 elementor-widget elementor-widget-spacer\" data-id=\"6fe00133\" data-element_type=\"widget\" data-widget_type=\"spacer.default\">\n\t\t\t\t<div class=\"elementor-widget-container\">\n\t\t\t\t\t\t\t<div class=\"elementor-spacer\">\n\t\t\t<div class=\"elementor-spacer-inner\"><\/div>\n\t\t<\/div>\n\t\t\t\t\t\t<\/div>\n\t\t\t\t<\/div>\n\t\t\t\t<div class=\"elementor-element elementor-element-57022025 elementor-widget elementor-widget-heading\" data-id=\"57022025\" data-element_type=\"widget\" data-widget_type=\"heading.default\">\n\t\t\t\t<div class=\"elementor-widget-container\">\n\t\t\t\t\t<h2 class=\"elementor-heading-title elementor-size-default\">A Kithera Corporate tem a equipe mais experiente para entender as necessidades do seu neg\u00f3cio e trazer efici\u00eancia nas opera\u00e7\u00f5es de mercado.<\/h2>\t\t\t\t<\/div>\n\t\t\t\t<\/div>\n\t\t\t\t\t<\/div>\n\t\t\t\t<\/div>\n\t\t<div class=\"elementor-element elementor-element-57fa3d36 e-flex e-con-boxed e-con e-parent\" data-id=\"57fa3d36\" data-element_type=\"container\">\n\t\t\t\t\t<div class=\"e-con-inner\">\n\t\t\t\t<div class=\"elementor-element elementor-element-2ae5988 elementor-widget elementor-widget-shortcode\" data-id=\"2ae5988\" data-element_type=\"widget\" data-widget_type=\"shortcode.default\">\n\t\t\t\t<div class=\"elementor-widget-container\">\n\t\t\t\t\t\t\t<div class=\"elementor-shortcode\">\n            <div \n                class=\"elfsight-widget-team-showcase elfsight-widget\" \n                data-elfsight-team-showcase-options=\"%7B%22members%22%3A%5B%7B%22quote%22%3A%22%22%2C%22name%22%3A%22Alexandre%20Hirai%2C%20CFP%5Cu00ae%5Cufe0f%22%2C%22position%22%3A%22S%5Cu00f3cio%20Fundador%22%2C%22phone%22%3A%22%22%2C%22email%22%3A%22%22%2C%22location%22%3A%22%22%2C%22bio%22%3A%22Formado%20em%20Engenharia%20pela%20Mau%5Cu00e1%20e%20MBA%5Cnem%20Finan%5Cu00e7as%20FIA-FEA%2C%20possui%20mais%20de%2026%20anos%5Cnde%20mercado%20financeiro%20incluindo%20fun%5Cu00e7%5Cu00f5es%5Cnexecutivas%20em%20bancos%20como%3A%20JP%20Morgan%2C%5CnCitigroup%2C%20HSBC%20e%20Bradesco%2C%20nas%20%5Cu00e1reas%20de%5Cncr%5Cu00e9dito%2C%20tesouraria%2C%20estrutura%5Cu00e7%5Cu00e3o%20financeira%2C%5Cnplanejamento%20e%20corporate%20banking.%20Possui%5Cnamplo%20relacionamento%20nos%20setores%3A%5CnAgroneg%5Cu00f3cios%2C%20Imobili%5Cu00e1rio%2C%20Infraestrutura%20e%5CnAutomotivo.%22%2C%22website%22%3A%22%22%2C%22facebook%22%3A%22https%3A%5C%2F%5C%2Felfsight.com%22%2C%22twitter%22%3A%22https%3A%5C%2F%5C%2Felfsight.com%22%2C%22linkedin%22%3A%22https%3A%5C%2F%5C%2Felfsight.com%22%2C%22instagram%22%3A%22https%3A%5C%2F%5C%2Felfsight.com%22%2C%22youtube%22%3A%22https%3A%5C%2F%5C%2Felfsight.com%22%2C%22photo%22%3A%22https%3A%5C%2F%5C%2Fkithera.com.br%5C%2Fcorporate%5C%2Fwp-content%5C%2Fuploads%5C%2F2023%5C%2F12%5C%2FAlexandre.png%22%2C%22group%22%3A%227058d26a-83e9-4f60-8cb8-6a56592ce650%22%2C%22socialProfiles%22%3A%5B%5D%2C%22externalLink%22%3A%22%22%7D%2C%7B%22quote%22%3A%22%22%2C%22name%22%3A%22Giammarco%20Gentile%22%2C%22position%22%3A%22S%5Cu00f3cio%20Fundador%22%2C%22phone%22%3A%22%22%2C%22email%22%3A%22%22%2C%22location%22%3A%22%22%2C%22bio%22%3A%22Formado%20em%20Engenharia%20Civil%20pela%20Poli-USP%2C%5CnMBA%20em%20Finan%5Cu00e7as%20IBMEC%20e%20Especializa%5Cu00e7%5Cu00f5es%5Cnem%20Cr%5Cu00e9dito%20e%20Riscos%20pela%20FIA%20e%20Saint%20Paul%20%2C%5Cnpossui%20mais%20de%2026%20anos%20de%20mercado%20incluindo%5Cnfun%5Cu00e7%5Cu00f5es%20executivas%20em%20bancos%20como%3A%20BV%2C%5CnCitigroup%20e%20Ita%5Cu00fa-BBA%20al%5Cu00e9m%20de%20passagem%20por%5Cnempresas%20do%20setor%20imobili%5Cu00e1rio.%20Trabalhou%20em%5Cn%5Cu00e1reas%20de%20produtos%20atacado%2C%20corporate%5Cnbanking%2C%20imobili%5Cu00e1rio%20e%20reestrutura%5Cu00e7%5Cu00e3o%20de%5Cncr%5Cu00e9dito.%20Possui%20amplo%20relacionamento%20nos%5Cnsetores%3A%20Imobili%5Cu00e1rio%20e%20corporativo%20em%20geral.%22%2C%22website%22%3A%22%22%2C%22facebook%22%3A%22https%3A%5C%2F%5C%2Felfsight.com%22%2C%22twitter%22%3A%22https%3A%5C%2F%5C%2Felfsight.com%22%2C%22linkedin%22%3A%22https%3A%5C%2F%5C%2Felfsight.com%22%2C%22instagram%22%3A%22https%3A%5C%2F%5C%2Felfsight.com%22%2C%22youtube%22%3A%22https%3A%5C%2F%5C%2Felfsight.com%22%2C%22photo%22%3A%22https%3A%5C%2F%5C%2Fkithera.com.br%5C%2Fcorporate%5C%2Fwp-content%5C%2Fuploads%5C%2F2023%5C%2F12%5C%2FGiam.png%22%2C%22group%22%3A%227058d26a-83e9-4f60-8cb8-6a56592ce650%22%2C%22socialProfiles%22%3A%5B%5D%2C%22externalLink%22%3A%22%22%2C%22id%22%3A%2279e09291-63b4-402f-8916-61449970712b%22%7D%2C%7B%22quote%22%3A%22%22%2C%22name%22%3A%22Maria%20Carvalho%2C%20CFP%5Cu00ae%5Cufe0f%22%2C%22position%22%3A%22%22%2C%22phone%22%3A%22%22%2C%22email%22%3A%22%22%2C%22location%22%3A%22%22%2C%22bio%22%3A%22Formada%20em%20Administra%5Cu00e7%5Cu00e3o%20e%20Contabilidade%20pela%20University%20of%20Miami%2C%20Maria%20Gaucher%20possui%2015%20anos%20de%20atua%5Cu00e7%5Cu00e3o%20no%20mercado%20financeiro%20e%20ocupou%20cargos%20de%20confian%5Cu00e7a%20e%20de%20participa%5Cu00e7%5Cu00e3o%20ativa%20nas%20decis%5Cu00f5es%20estrat%5Cu00e9gicas%20de%20%5Cu00e1reas%20como%20controladoria%20e%20finan%5Cu00e7as.%20J%5Cu00e1%20teve%20passagem%20pelo%20JP%20Morgan%20Suisse%20e%20Brasil%20Plural%20e%20no%20multi-family%20office%20Vita%20Investimentos%2C%20focado%20em%20consultoria%20de%20investimentos%20e%20planejamento%20financeiro.%22%2C%22website%22%3A%22%22%2C%22facebook%22%3A%22https%3A%5C%2F%5C%2Felfsight.com%22%2C%22twitter%22%3A%22https%3A%5C%2F%5C%2Felfsight.com%22%2C%22linkedin%22%3A%22https%3A%5C%2F%5C%2Felfsight.com%22%2C%22instagram%22%3A%22https%3A%5C%2F%5C%2Felfsight.com%22%2C%22youtube%22%3A%22https%3A%5C%2F%5C%2Felfsight.com%22%2C%22photo%22%3A%22https%3A%5C%2F%5C%2Fkithera.com.br%5C%2Fcorporate%5C%2Fwp-content%5C%2Fuploads%5C%2F2023%5C%2F12%5C%2FMaria-carvalho-kithera.png%22%2C%22group%22%3A%2202507420-f8da-40ea-aa6d-cf077076f9a8%22%2C%22socialProfiles%22%3A%5B%5D%2C%22externalLink%22%3A%22%22%2C%22id%22%3A%2291f3cf61-62cc-4ff5-a67f-4ee179263810%22%7D%2C%7B%22quote%22%3A%22%22%2C%22name%22%3A%22%20Rafael%20Lobo%22%2C%22position%22%3A%22%22%2C%22phone%22%3A%22%22%2C%22email%22%3A%22%22%2C%22location%22%3A%22%22%2C%22bio%22%3A%22Formado%20em%20Administra%5Cu00e7%5Cu00e3o%20de%20Empresas%20pela%26nbsp%3BPUC-SP%26nbsp%3Be%20MBA%20em%20Finan%5Cu00e7as%20e%20Rela%5Cu00e7%5Cu00f5es%20com%20Investidores%20pela%26nbsp%3BFIPECAFI-USP%2C%26nbsp%3Bpossui%20mais%20de%26nbsp%3B20%20anos%26nbsp%3Bde%20experi%5Cu00eancia%20profissional%2C%20tendo%20passado%20por%20diversas%20empresas%20nos%20setores%20de%20Finan%5Cu00e7as%20e%20Tecnologia%20como%3A%26nbsp%3BBanco%20BBVA%2C%20Santander%2C%20Telef%5Cu00f4nica%20Vivo%2C%20Monte%20Bravo%20Investimentos%2C%20com%20passagens%20nas%20%5Cu00e1reas%20de%20Corretora%20de%20Valores%2C%20Produtos%2C%20Desenvolvimento%20de%20Neg%5Cu00f3cios%20e%20Assessoria%20de%20Investimentos%20para%20o%20p%5Cu00fablico%20Private%20e%20Alta%20Renda.%22%2C%22website%22%3A%22%22%2C%22facebook%22%3A%22https%3A%5C%2F%5C%2Felfsight.com%22%2C%22twitter%22%3A%22https%3A%5C%2F%5C%2Felfsight.com%22%2C%22linkedin%22%3A%22https%3A%5C%2F%5C%2Felfsight.com%22%2C%22instagram%22%3A%22https%3A%5C%2F%5C%2Felfsight.com%22%2C%22youtube%22%3A%22https%3A%5C%2F%5C%2Felfsight.com%22%2C%22photo%22%3A%22https%3A%5C%2F%5C%2Fkithera.com.br%5C%2Fcorporate%5C%2Fwp-content%5C%2Fuploads%5C%2F2024%5C%2F01%5C%2FRafael-Kithera.png%22%2C%22group%22%3A%2202507420-f8da-40ea-aa6d-cf077076f9a8%22%2C%22socialProfiles%22%3A%5B%5D%2C%22externalLink%22%3A%22%22%2C%22id%22%3A%22e196b2b0-9cb3-4332-93da-df57a315d008%22%7D%2C%7B%22quote%22%3A%22%22%2C%22name%22%3A%22Marcelo%20Tambeli%22%2C%22position%22%3A%22S%5Cu00f3cio%22%2C%22phone%22%3A%22%22%2C%22email%22%3A%22%22%2C%22location%22%3A%22%22%2C%22bio%22%3A%22Formado%20em%20Administra%5Cu00e7%5Cu00e3o%20de%20Empresas%20pela%20PUC-SP%20e%20MBA%20em%20Finan%5Cu00e7as%20Insper%2C%20possui%2023%20anos%20de%20mercado%20financeiro%20em%20BB%2C%20HSBC%2C%20ABN%20Amro%2C%20nas%20%5Cu00e1reas%20comercial%2C%20DCM%2C%20cr%5Cu00e9dito%20e%20estrutura%5Cu00e7%5Cu00e3o%20financeira.%20Estrutura%5Cu00e7%5Cu00e3o%20de%20diversos%20FIDC%2C%20CRA%2C%20CRI%2C%20Deb%5Cu00eantures%20e%20distribui%5Cu00e7%5Cu00e3o%20junto%20a%20diversos%20investidores.%3Cbr%3E%22%2C%22website%22%3A%22%22%2C%22facebook%22%3A%22https%3A%5C%2F%5C%2Felfsight.com%22%2C%22twitter%22%3A%22https%3A%5C%2F%5C%2Felfsight.com%22%2C%22linkedin%22%3A%22https%3A%5C%2F%5C%2Felfsight.com%22%2C%22instagram%22%3A%22https%3A%5C%2F%5C%2Felfsight.com%22%2C%22youtube%22%3A%22https%3A%5C%2F%5C%2Felfsight.com%22%2C%22photo%22%3A%22https%3A%5C%2F%5C%2Fkithera.com.br%5C%2Fcorporate%5C%2Fwp-content%5C%2Fuploads%5C%2F2025%5C%2F08%5C%2FMarcelo-Kithera.png%22%2C%22group%22%3A%2202507420-f8da-40ea-aa6d-cf077076f9a8%22%2C%22socialProfiles%22%3A%5B%5D%2C%22externalLink%22%3A%22%22%2C%22id%22%3A%22a0f32466-50d1-4f4b-b0ec-3db54e1c5d05%22%7D%5D%2C%22groupsEnabled%22%3Afalse%2C%22groupsDisplay%22%3A%22filters%22%2C%22showAllTab%22%3Atrue%2C%22groups%22%3A%5B%7B%22value%22%3A%22%22%2C%22name%22%3A%22%20-%20None%20-%20%22%2C%22visible%22%3Afalse%7D%2C%7B%22value%22%3A%227058d26a-83e9-4f60-8cb8-6a56592ce650%22%2C%22name%22%3A%22S%5Cu00f3cios%22%2C%22undefined%22%3Anull%7D%2C%7B%22value%22%3A%2202507420-f8da-40ea-aa6d-cf077076f9a8%22%2C%22name%22%3A%22Colaboradores%22%2C%22undefined%22%3Anull%7D%5D%2C%22widgetTitle%22%3A%22%22%2C%22ctaVisible%22%3Afalse%2C%22ctaTitle%22%3A%22%22%2C%22ctaButtonText%22%3A%22%22%2C%22ctaButtonLink%22%3A%22%22%2C%22seeInfoMessage%22%3A%22VER%20BIOGRAFIA%22%2C%22allMessage%22%3A%22All%22%2C%22ungroupedMessage%22%3A%22Ungrouped%22%2C%22layout%22%3A%22gallery%22%2C%22width%22%3A%22auto%22%2C%22textAlign%22%3A%22left%22%2C%22backgroundColor%22%3Anull%2C%22itemBackgroundColor%22%3Anull%2C%22textColor%22%3A%22rgb%2829%2C%2033%2C%2041%29%22%2C%22linksColor%22%3A%22%231c91ff%22%2C%22ctaButtonColor%22%3A%22rgb%2853%2C%20120%2C%20228%29%22%2C%22widgetId%22%3A%221%22%7D\" \n                data-elfsight-team-showcase-version=\"1.3.1\"\n                data-elfsight-widget-id=\"elfsight-team-showcase-1\">\n            <\/div>\n            <\/div>\n\t\t\t\t\t\t<\/div>\n\t\t\t\t<\/div>\n\t\t\t\t\t<\/div>\n\t\t\t\t<\/div>\n\t\t<div class=\"elementor-element elementor-element-43dcae22 e-flex e-con-boxed e-con e-parent\" data-id=\"43dcae22\" data-element_type=\"container\">\n\t\t\t\t\t<div class=\"e-con-inner\">\n\t\t\t\t<div class=\"elementor-element elementor-element-30cffcd6 elementor-widget elementor-widget-spacer\" data-id=\"30cffcd6\" data-element_type=\"widget\" data-widget_type=\"spacer.default\">\n\t\t\t\t<div class=\"elementor-widget-container\">\n\t\t\t\t\t\t\t<div class=\"elementor-spacer\">\n\t\t\t<div class=\"elementor-spacer-inner\"><\/div>\n\t\t<\/div>\n\t\t\t\t\t\t<\/div>\n\t\t\t\t<\/div>\n\t\t\t\t\t<\/div>\n\t\t\t\t<\/div>\n\t\t<div class=\"elementor-element elementor-element-da5e858 e-flex e-con-boxed e-con e-parent\" data-id=\"da5e858\" data-element_type=\"container\">\n\t\t\t\t\t<div class=\"e-con-inner\">\n\t\t<div class=\"elementor-element elementor-element-76d1868 e-con-full e-flex e-con e-child\" data-id=\"76d1868\" data-element_type=\"container\">\n\t\t\t\t<div class=\"elementor-element elementor-element-72e5ac5 elementor-widget elementor-widget-spacer\" data-id=\"72e5ac5\" data-element_type=\"widget\" data-widget_type=\"spacer.default\">\n\t\t\t\t<div class=\"elementor-widget-container\">\n\t\t\t\t\t\t\t<div class=\"elementor-spacer\">\n\t\t\t<div class=\"elementor-spacer-inner\"><\/div>\n\t\t<\/div>\n\t\t\t\t\t\t<\/div>\n\t\t\t\t<\/div>\n\t\t\t\t<div class=\"elementor-element elementor-element-a0a2f34 elementor-widget elementor-widget-spacer\" data-id=\"a0a2f34\" data-element_type=\"widget\" data-widget_type=\"spacer.default\">\n\t\t\t\t<div class=\"elementor-widget-container\">\n\t\t\t\t\t\t\t<div class=\"elementor-spacer\">\n\t\t\t<div class=\"elementor-spacer-inner\"><\/div>\n\t\t<\/div>\n\t\t\t\t\t\t<\/div>\n\t\t\t\t<\/div>\n\t\t\t\t<div class=\"elementor-element elementor-element-ec18294 elementor-widget__width-initial elementor-widget elementor-widget-heading\" data-id=\"ec18294\" data-element_type=\"widget\" data-widget_type=\"heading.default\">\n\t\t\t\t<div class=\"elementor-widget-container\">\n\t\t\t\t\t<h2 class=\"elementor-heading-title elementor-size-default\">Queremos ouvir voc\u00ea!<\/h2>\t\t\t\t<\/div>\n\t\t\t\t<\/div>\n\t\t\t\t<\/div>\n\t\t<div class=\"elementor-element elementor-element-30c18b3 e-con-full e-flex e-con e-child\" data-id=\"30c18b3\" data-element_type=\"container\">\n\t\t\t\t<div class=\"elementor-element elementor-element-31678dc elementor-button-align-stretch elementor-widget elementor-widget-form\" data-id=\"31678dc\" data-element_type=\"widget\" data-settings=\"{&quot;step_next_label&quot;:&quot;Next&quot;,&quot;step_previous_label&quot;:&quot;Previous&quot;,&quot;button_width&quot;:&quot;100&quot;,&quot;step_type&quot;:&quot;number_text&quot;,&quot;step_icon_shape&quot;:&quot;circle&quot;}\" data-widget_type=\"form.default\">\n\t\t\t\t<div class=\"elementor-widget-container\">\n\t\t\t\t\t\t\t<form class=\"elementor-form\" method=\"post\" name=\"New Form\" aria-label=\"New Form\">\n\t\t\t<input type=\"hidden\" name=\"post_id\" value=\"230\"\/>\n\t\t\t<input type=\"hidden\" name=\"form_id\" value=\"31678dc\"\/>\n\t\t\t<input type=\"hidden\" name=\"referer_title\" value=\"Equipe\" \/>\n\n\t\t\t\t\t\t\t<input type=\"hidden\" name=\"queried_id\" value=\"230\"\/>\n\t\t\t\n\t\t\t<div class=\"elementor-form-fields-wrapper elementor-labels-above\">\n\t\t\t\t\t\t\t\t<div class=\"elementor-field-type-text elementor-field-group elementor-column elementor-field-group-name elementor-col-50 elementor-field-required\">\n\t\t\t\t\t\t\t\t\t\t\t\t<label for=\"form-field-name\" class=\"elementor-field-label\">\n\t\t\t\t\t\t\t\tNome\t\t\t\t\t\t\t<\/label>\n\t\t\t\t\t\t\t\t\t\t\t\t\t\t<input size=\"1\" type=\"text\" name=\"form_fields[name]\" id=\"form-field-name\" class=\"elementor-field elementor-size-sm  elementor-field-textual\" required=\"required\">\n\t\t\t\t\t\t\t\t\t\t\t<\/div>\n\t\t\t\t\t\t\t\t<div class=\"elementor-field-type-text elementor-field-group elementor-column elementor-field-group-field_d7fce8f elementor-col-50\">\n\t\t\t\t\t\t\t\t\t\t\t\t<label for=\"form-field-field_d7fce8f\" class=\"elementor-field-label\">\n\t\t\t\t\t\t\t\tTelefone\t\t\t\t\t\t\t<\/label>\n\t\t\t\t\t\t\t\t\t\t\t\t\t\t<input size=\"1\" type=\"text\" name=\"form_fields[field_d7fce8f]\" id=\"form-field-field_d7fce8f\" class=\"elementor-field elementor-size-sm  elementor-field-textual\">\n\t\t\t\t\t\t\t\t\t\t\t<\/div>\n\t\t\t\t\t\t\t\t<div class=\"elementor-field-type-email elementor-field-group elementor-column elementor-field-group-email elementor-col-100 elementor-field-required\">\n\t\t\t\t\t\t\t\t\t\t\t\t<label for=\"form-field-email\" class=\"elementor-field-label\">\n\t\t\t\t\t\t\t\tEmail\t\t\t\t\t\t\t<\/label>\n\t\t\t\t\t\t\t\t\t\t\t\t\t\t<input size=\"1\" type=\"email\" name=\"form_fields[email]\" id=\"form-field-email\" class=\"elementor-field elementor-size-sm  elementor-field-textual\" placeholder=\"Email\" required=\"required\">\n\t\t\t\t\t\t\t\t\t\t\t<\/div>\n\t\t\t\t\t\t\t\t<div class=\"elementor-field-type-textarea elementor-field-group elementor-column elementor-field-group-message elementor-col-100\">\n\t\t\t\t\t\t\t\t\t\t\t\t<label for=\"form-field-message\" class=\"elementor-field-label\">\n\t\t\t\t\t\t\t\tMensagem\t\t\t\t\t\t\t<\/label>\n\t\t\t\t\t\t<textarea class=\"elementor-field-textual elementor-field  elementor-size-sm\" name=\"form_fields[message]\" id=\"form-field-message\" rows=\"4\"><\/textarea>\t\t\t\t<\/div>\n\t\t\t\t\t\t\t\t<div class=\"elementor-field-group elementor-column elementor-field-type-submit elementor-col-100 e-form__buttons\">\n\t\t\t\t\t<button class=\"elementor-button elementor-size-sm\" type=\"submit\">\n\t\t\t\t\t\t<span class=\"elementor-button-content-wrapper\">\n\t\t\t\t\t\t\t\t\t\t\t\t\t\t\t\t\t\t\t\t\t\t<span class=\"elementor-button-text\">Enviar<\/span>\n\t\t\t\t\t\t\t\t\t\t\t\t\t<\/span>\n\t\t\t\t\t<\/button>\n\t\t\t\t<\/div>\n\t\t\t<\/div>\n\t\t<\/form>\n\t\t\t\t\t\t<\/div>\n\t\t\t\t<\/div>\n\t\t\t\t<\/div>\n\t\t\t\t\t<\/div>\n\t\t\t\t<\/div>\n\t\t<div class=\"elementor-element elementor-element-6176a7b e-flex e-con-boxed e-con e-parent\" data-id=\"6176a7b\" data-element_type=\"container\">\n\t\t\t\t\t<div class=\"e-con-inner\">\n\t\t\t\t<div class=\"elementor-element elementor-element-663543b elementor-widget elementor-widget-spacer\" data-id=\"663543b\" data-element_type=\"widget\" data-widget_type=\"spacer.default\">\n\t\t\t\t<div class=\"elementor-widget-container\">\n\t\t\t\t\t\t\t<div class=\"elementor-spacer\">\n\t\t\t<div class=\"elementor-spacer-inner\"><\/div>\n\t\t<\/div>\n\t\t\t\t\t\t<\/div>\n\t\t\t\t<\/div>\n\t\t\t\t\t<\/div>\n\t\t\t\t<\/div>\n\t\t<div class=\"elementor-element elementor-element-c0b7af7 e-flex e-con-boxed e-con e-parent\" data-id=\"c0b7af7\" data-element_type=\"container\">\n\t\t\t\t\t<div class=\"e-con-inner\">\n\t\t<div class=\"elementor-element elementor-element-9ea4413 e-flex e-con-boxed e-con e-child\" data-id=\"9ea4413\" data-element_type=\"container\">\n\t\t\t\t\t<div class=\"e-con-inner\">\n\t\t<div class=\"elementor-element elementor-element-bb43c4a e-con-full e-flex e-con e-child\" data-id=\"bb43c4a\" data-element_type=\"container\">\n\t\t\t\t<div class=\"elementor-element elementor-element-831e0d4 elementor-widget elementor-widget-image\" data-id=\"831e0d4\" data-element_type=\"widget\" data-widget_type=\"image.default\">\n\t\t\t\t<div class=\"elementor-widget-container\">\n\t\t\t\t\t\t\t\t\t\t\t\t\t\t\t\t<a href=\"https:\/\/api.whatsapp.com\/send?phone=5511992623737\" target=\"_blank\">\n\t\t\t\t\t\t\t<img fetchpriority=\"high\" decoding=\"async\" width=\"512\" height=\"512\" src=\"https:\/\/kithera.com.br\/corporate\/wp-content\/uploads\/2024\/01\/whatsapp-2.png\" class=\"attachment-large size-large wp-image-812\" alt=\"\" srcset=\"https:\/\/kithera.com.br\/corporate\/wp-content\/uploads\/2024\/01\/whatsapp-2.png 512w, https:\/\/kithera.com.br\/corporate\/wp-content\/uploads\/2024\/01\/whatsapp-2-300x300.png 300w, https:\/\/kithera.com.br\/corporate\/wp-content\/uploads\/2024\/01\/whatsapp-2-150x150.png 150w\" sizes=\"(max-width: 512px) 100vw, 512px\" \/>\t\t\t\t\t\t\t\t<\/a>\n\t\t\t\t\t\t\t\t\t\t\t\t\t\t\t<\/div>\n\t\t\t\t<\/div>\n\t\t\t\t<div class=\"elementor-element elementor-element-0745c27 elementor-widget elementor-widget-heading\" data-id=\"0745c27\" data-element_type=\"widget\" data-widget_type=\"heading.default\">\n\t\t\t\t<div class=\"elementor-widget-container\">\n\t\t\t\t\t<h2 class=\"elementor-heading-title elementor-size-default\"><a href=\"https:\/\/api.whatsapp.com\/send?phone=5511992623737\" target=\"_blank\">R\u00e1pido e f\u00e1cil<\/a><\/h2>\t\t\t\t<\/div>\n\t\t\t\t<\/div>\n\t\t\t\t<div class=\"elementor-element elementor-element-1a3bbf3 elementor-widget elementor-widget-text-editor\" data-id=\"1a3bbf3\" data-element_type=\"widget\" data-widget_type=\"text-editor.default\">\n\t\t\t\t<div class=\"elementor-widget-container\">\n\t\t\t\t\t\t\t\t\t<a href=\"https:\/\/api.whatsapp.com\/send?phone=5511992623737\">(11) 99262-3737<\/a>\t\t\t\t\t\t\t\t<\/div>\n\t\t\t\t<\/div>\n\t\t\t\t<\/div>\n\t\t<div class=\"elementor-element elementor-element-a33fdf7 e-con-full e-flex e-con e-child\" data-id=\"a33fdf7\" data-element_type=\"container\">\n\t\t\t\t<div class=\"elementor-element elementor-element-3bbae30 elementor-widget elementor-widget-image\" data-id=\"3bbae30\" data-element_type=\"widget\" data-widget_type=\"image.default\">\n\t\t\t\t<div class=\"elementor-widget-container\">\n\t\t\t\t\t\t\t\t\t\t\t\t\t\t\t\t<a href=\"mailto:contato@kithera.com.br\" target=\"_blank\">\n\t\t\t\t\t\t\t<img decoding=\"async\" width=\"512\" height=\"512\" src=\"https:\/\/kithera.com.br\/corporate\/wp-content\/uploads\/2024\/01\/mail-send-1.png\" class=\"attachment-large size-large wp-image-813\" alt=\"\" srcset=\"https:\/\/kithera.com.br\/corporate\/wp-content\/uploads\/2024\/01\/mail-send-1.png 512w, https:\/\/kithera.com.br\/corporate\/wp-content\/uploads\/2024\/01\/mail-send-1-300x300.png 300w, https:\/\/kithera.com.br\/corporate\/wp-content\/uploads\/2024\/01\/mail-send-1-150x150.png 150w\" sizes=\"(max-width: 512px) 100vw, 512px\" \/>\t\t\t\t\t\t\t\t<\/a>\n\t\t\t\t\t\t\t\t\t\t\t\t\t\t\t<\/div>\n\t\t\t\t<\/div>\n\t\t\t\t<div class=\"elementor-element elementor-element-b31b925 elementor-widget elementor-widget-heading\" data-id=\"b31b925\" data-element_type=\"widget\" data-widget_type=\"heading.default\">\n\t\t\t\t<div class=\"elementor-widget-container\">\n\t\t\t\t\t<h2 class=\"elementor-heading-title elementor-size-default\"><a href=\"mailto:contato@kithera.com.br\" target=\"_blank\">E-mail<\/a><\/h2>\t\t\t\t<\/div>\n\t\t\t\t<\/div>\n\t\t\t\t<div class=\"elementor-element elementor-element-3fe0b16 elementor-widget elementor-widget-text-editor\" data-id=\"3fe0b16\" data-element_type=\"widget\" data-widget_type=\"text-editor.default\">\n\t\t\t\t<div class=\"elementor-widget-container\">\n\t\t\t\t\t\t\t\t\t<a href=\"mailto:contato@kithera.com.br\">contato@kithera.com.br<\/a>\t\t\t\t\t\t\t\t<\/div>\n\t\t\t\t<\/div>\n\t\t\t\t<\/div>\n\t\t\t\t\t<\/div>\n\t\t\t\t<\/div>\n\t\t\t\t\t<\/div>\n\t\t\t\t<\/div>\n\t\t\t\t<\/div>\n\t\t","protected":false},"excerpt":{"rendered":"<p>A Kithera Corporate tem a equipe mais experiente para entender as necessidades do seu neg\u00f3cio e trazer efici\u00eancia nas opera\u00e7\u00f5es de mercado. Queremos ouvir voc\u00ea! R\u00e1pido e f\u00e1cil (11) 99262-3737 E-mail contato@kithera.com.br<\/p>\n","protected":false},"author":1,"featured_media":0,"parent":0,"menu_order":0,"comment_status":"closed","ping_status":"closed","template":"","meta":{"footnotes":""},"class_list":["post-230","page","type-page","status-publish","hentry"],"_links":{"self":[{"href":"https:\/\/kithera.com.br\/corporate\/wp-json\/wp\/v2\/pages\/230","targetHints":{"allow":["GET"]}}],"collection":[{"href":"https:\/\/kithera.com.br\/corporate\/wp-json\/wp\/v2\/pages"}],"about":[{"href":"https:\/\/kithera.com.br\/corporate\/wp-json\/wp\/v2\/types\/page"}],"author":[{"embeddable":true,"href":"https:\/\/kithera.com.br\/corporate\/wp-json\/wp\/v2\/users\/1"}],"replies":[{"embeddable":true,"href":"https:\/\/kithera.com.br\/corporate\/wp-json\/wp\/v2\/comments?post=230"}],"version-history":[{"count":76,"href":"https:\/\/kithera.com.br\/corporate\/wp-json\/wp\/v2\/pages\/230\/revisions"}],"predecessor-version":[{"id":920,"href":"https:\/\/kithera.com.br\/corporate\/wp-json\/wp\/v2\/pages\/230\/revisions\/920"}],"wp:attachment":[{"href":"https:\/\/kithera.com.br\/corporate\/wp-json\/wp\/v2\/media?parent=230"}],"curies":[{"name":"wp","href":"https:\/\/api.w.org\/{rel}","templated":true}]}}